or of 589 and 19?
19
Calculate the highest common divisor of 31 and 2.
1
Calculate the greatest common divisor of 56 and 154.
14
Calculate the greatest common factor of 16 and 16144.
16
Calculate the greatest common divisor of 667 and 116.
29
What is the greatest common factor of 7638 and 570?
114
Calculate the highest common factor of 64 and 976.
16
What is the highest common factor of 6157 and 131?
131
Calculate the greatest common divisor of 54 and 3834.
54
Calculate the greatest common factor of 4802 and 28.
14
Calculate the highest common divisor of 105 and 35.
35
What is the highest common divisor of 20420 and 20?
20
What is the greatest common factor of 268 and 136?
4
Calculate the highest common divisor of 240 and 1050.
30
Calculate the greatest common factor of 18 and 1278.
18
What is the highest common divisor of 13786 and 366?
122
Calculate the highest common factor of 34 and 391.
17
Calculate the highest common factor of 3472 and 224.
112
What is the highest common factor of 81 and 27?
27
What is the highest common factor of 816 and 656?
16
Calculate the greatest common factor of 3 and 25.
1
Calculate the highest common factor of 93 and 3.
3
Calculate the highest common divisor of 223 and 1.
1
Calculate the highest common factor of 37 and 15244.
37
Calculate the greatest common divisor of 9 and 117.
9
Calculate the greatest common factor of 54 and 351.
27
What is the greatest common factor of 729 and 27?
27
What is the highest common factor of 2109 and 111?
111
Calculate the highest common factor of 44 and 3420.
4
What is the greatest common factor of 72 and 450?
18
Calculate the highest common divisor of 112 and 1008.
112
Calculate the greatest common factor of 32 and 440.
8
What is the highest common divisor of 295 and 20?
5
Calculate the greatest common factor of 2178 and 72.
18
Calculate the greatest common divisor of 754 and 145.
29
Calculate the greatest common divisor of 3773 and 14.
7
What is the highest common divisor of 182 and 112?
14
Calculate the highest common factor of 42 and 28.
14
What is the highest common factor of 2635 and 620?
155
What is the highest common divisor of 2520 and 588?
84
Calculate the greatest common factor of 6 and 978.
6
What is the highest common factor of 71 and 142?
71
What is the highest common factor of 1496 and 136?
136
What is the highest common factor of 308 and 396?
44
Calculate the greatest common divisor of 1652 and 3540.
236
Calculate the greatest common factor of 21 and 23037.
21
Calculate the greatest common divisor of 34 and 10710.
34
What is the greatest common divisor of 13677 and 282?
141
Calculate the greatest common factor of 19 and 361.
19
Calculate the greatest common divisor of 22 and 74.
2
What is the highest common divisor of 87002 and 82?
82
Calculate the highest common divisor of 69 and 46368.
69
What is the highest common factor of 3333 and 297?
33
What is the greatest common divisor of 70 and 154?
14
What is the greatest common divisor of 8 and 392?
8
Calculate the highest common factor of 168 and 27272.
56
What is the highest common factor of 80 and 1688?
8
Calculate the greatest common factor of 95 and 57.
19
Calculate the highest common divisor of 612 and 17.
17
What is the highest common factor of 418 and 44?
22
Calculate the highest common divisor of 704 and 616.
88
Calculate the highest common divisor of 24 and 5052.
12
What is the greatest common divisor of 3192 and 840?
168
What is the highest common factor of 84 and 27012?
12
What is the greatest common factor of 298 and 20?
2
Calculate the highest common divisor of 38 and 7011.
19
What is the highest common factor of 77 and 561?
11
What is the greatest common factor of 108 and 1431?
27
Calculate the highest common divisor of 378 and 42.
42
Calculate the highest common divisor of 3484 and 536.
268
What is the greatest common divisor of 20 and 12?
4
What is the greatest common divisor of 98 and 84?
14
Calculate the highest common factor of 81501 and 21.
21
Calculate the greatest common divisor of 18 and 2826.
18
What is the highest common divisor of 13 and 208?
13
Calculate the greatest common factor of 60 and 510.
30
What is the greatest common divisor of 49 and 1?
1
Calculate the highest common factor of 133 and 19.
19
Calculate the greatest common factor of 46 and 8418.
46
Calculate the highest common divisor of 63 and 2583.
63
Calculate the greatest common factor of 198 and 286.
22
Calculate the greatest common divisor of 67 and 20502.
67
Calculate the highest common divisor of 3 and 384.
3
What is the greatest common factor of 3235 and 20?
5
What is the highest common factor of 92 and 4?
4
What is the greatest common factor of 465 and 105?
15
Calculate the greatest common divisor of 229 and 3.
1
What is the greatest common factor of 964 and 2169?
241
Calculate the highest common divisor of 185 and 111.
37
What is the greatest common factor of 36 and 356?
4
What is the greatest common divisor of 27 and 351?
27
Calculate the highest common factor of 4734 and 36.
18
Calculate the highest common divisor of 135 and 5.
5
What is the highest common divisor of 282 and 188?
94
Calculate the highest common factor of 152 and 4.
4
What is the highest common factor of 2560 and 120?
40
What is the greatest common divisor of 203 and 7?
7
Calculate the highest common factor of 350 and 75.
25
Calculate the highest common factor of 7707 and 21.
21
What is the highest common divisor of 77 and 5621?
77
Calculate the greatest common factor of 2546 and 76.
38
Calculate the greatest common divisor of 6006 and 78.
78
What is the greatest common divisor of 410 and 270?
10
What is the highest common factor of 180 and 6900?
60
Calculate the greatest common divisor of 232 and 21344.
232
What is the highest common divisor of 363 and 77?
11
What is the greatest common factor of 4 and 17564?
4
Calculate the greatest common divisor of 3336 and 36.
12
What is the highest common factor of 9720 and 120?
120
Calculate the highest common divisor of 59922 and 6.
6
What is the greatest common factor of 170 and 910?
10
Calculate the highest common divisor of 67509 and 234.
117
Calculate the greatest common divisor of 2173 and 53.
53
What is the highest common divisor of 5546 and 1416?
118
What is the highest common divisor of 133 and 342?
19
Calculate the greatest common divisor of 1375 and 1133.
11
Calculate the greatest common divisor of 216 and 540.
108
What is the highest common factor of 12230 and 10?
10
What is the greatest common divisor of 51 and 153?
51
Calculate the highest common factor of 22 and 22.
22
Calculate the highest common divisor of 10 and 185.
5
Calculate the highest common divisor of 54 and 90.
18
Calculate the greatest common factor of 1724 and 4.
4
Calculate the greatest common factor of 13 and 33241.
13
Calculate the highest common divisor of 236 and 4.
4
Calculate the greatest common divisor of 962 and 3737.
37
What is the highest common factor of 4 and 1024?
4
What is the highest common divisor of 1875 and 35?
5
What is the highest common divisor of 384 and 24?
24
Calculate the highest common divisor of 2451 and 258.
129
Calculate the highest common divisor of 161 and 23.
23
Calculate the highest common divisor of 39 and 1131.
39
What is the greatest common divisor of 240 and 320?
80
What is the highest common divisor of 72 and 126?
18
Calculate the highest common divisor of 25 and 5.
5
Calculate the highest common factor of 2597 and 147.
49
What is the greatest common divisor of 42 and 357?
21
Calculate the highest common divisor of 13 and 47983.
13
What is the greatest common divisor of 1 and 747?
1
What is the greatest common divisor of 910 and 20?
10
What is the highest common factor of 12 and 324?
12
Calculate the highest common factor of 23 and 46.
23
Calculate the greatest common factor of 18 and 747.
9
What is the greatest common divisor of 24 and 906?
6
Calculate the highest common divisor of 1007 and 76.
19
Calculate the greatest common factor of 13 and 89.
1
What is the highest common factor of 150 and 210?
30
What is the highest common factor of 4659 and 1?
1
Calculate the greatest common divisor of 516 and 144.
12
Calculate the highest common divisor of 56 and 12.
4
Calculate the greatest common fa